{"id":1258,"date":"2020-01-05T22:59:51","date_gmt":"2020-01-05T20:59:51","guid":{"rendered":"http:\/\/194.213.36.175:8000\/?post_type=product&#038;p=1258"},"modified":"2020-01-14T20:05:17","modified_gmt":"2020-01-14T18:05:17","slug":"response-slow-release-energy-cubes-20kg","status":"publish","type":"product","link":"https:\/\/universalpet.cz\/?product=response-slow-release-energy-cubes-20kg","title":{"rendered":"Response Slow Release Energy Cubes 20kg"},"content":{"rendered":"<ul>\n<li>GRANULE PRO SNADNO VZRU\u0160IV\u00c9 KON\u011a A PONY V Z\u00c1VODN\u00cdM RE\u017dIMU<\/li>\n<li>KONTROLOVAN\u00c9 MNO\u017dSTV\u00cd \u0160KROB\u016e<\/li>\n<li>VYSOK\u00dd POD\u00cdL VL\u00c1KNINY<\/li>\n<li>CHEL\u00c1TOV\u00c9 MINER\u00c1LY A ANTIOXIDANTY<\/li>\n<\/ul>\n<p>Nejv\u00edce doporu\u010dovan\u00e9 granule pro snadno vzru\u0161iv\u00e9 sportovn\u00ed kon\u011b. Vl\u00e1knina ve vysok\u00e9 koncentraci, oproti b\u011b\u017en\u00fdm z\u00e1vodn\u00edm krmiv\u016fm, je v Response\u00ae Slow Release Energy Cubes hlavn\u00edm zdrojem energie, kter\u00e1 se uvol\u0148uje postupn\u011b. Dal\u0161\u00edm zdrojem postupn\u011b se uvol\u0148uj\u00edc\u00ed energie je s\u00f3jov\u00fd olej, kter\u00fd z\u00e1rove\u0148 pozitivn\u011b ovliv\u0148uje zdrav\u00fd vzhled k\u016f\u017ee, srsti a kopyt. Omezen\u00e9 mno\u017estv\u00ed p\u0159edva\u0159en\u00fdch cere\u00e1li\u00ed zaru\u010duje trval\u00fd v\u00fdkon pod kontrolou. Vysoce kvalitn\u00ed b\u00edlkoviny v tomto krmivu zaji\u0161\u0165uj\u00ed spr\u00e1vn\u00e9 osvalen\u00ed sportovn\u00edch kon\u00ed a vysoce specifikovan\u00e9 stopov\u00e9 prvky v\u010detn\u011b chel\u00e1tov\u00fdch miner\u00e1l\u016f a antioxidant\u016f se postaraj\u00ed o maxim\u00e1ln\u00ed podporu sportovn\u00edho v\u00fdkonu. Cel\u00e1 formulace napom\u00e1h\u00e1 k pozitivn\u00edmu chov\u00e1n\u00ed u nadm\u011brn\u011b vzru\u0161iv\u00fdch sportovn\u00edch kon\u00ed.<\/p>\n<p><strong>Slo\u017een\u00ed:<\/strong><\/p>\n<p>p\u0161eni\u010dn\u00e9 otruby a endosperm, s\u00f3jov\u00e9 slupky, ovesn\u00e9 otruby a endosperm, r\u00fd\u017eov\u00e9 otruby, slune\u010dnicov\u00e9 expelery, melasa, uhli\u010ditan v\u00e1penat\u00fd, s\u016fl, vitamino &#8211; miner\u00e1ln\u00ed premix, s\u00f3jov\u00fd olej<\/p>\n","protected":false},"excerpt":{"rendered":"<div class=\"detailShort clear\">\n<p>Granule pro snadno vzru\u0161iv\u00e9 kon\u011b a pony v z\u00e1vodn\u00edm re\u017eimu<\/p>\n<\/div>\n<div class=\"detailInfo clear detailPriceInfo\">\n<div><\/div>\n<\/div>\n","protected":false},"featured_media":1259,"comment_status":"open","ping_status":"closed","template":"","meta":[],"product_brand":[],"product_cat":[53,56,54],"product_tag":[],"class_list":{"0":"post-1258","1":"product","2":"type-product","3":"status-publish","4":"has-post-thumbnail","6":"product_cat-kone","7":"product_cat-musli","8":"product_cat-spillers","10":"first","11":"onbackorder","12":"taxable","13":"shipping-taxable","14":"purchasable","15":"product-type-simple"},"yoast_head":"<!-- This site is optimized with the Yoast SEO plugin v26.9 - https:\/\/yoast.com\/product\/yoast-seo-wordpress\/ -->\n<title>Response Slow Release Energy Cubes 20kg - UniversalPet<\/title>\n<meta name=\"description\" content=\"Granule pro snadno vzru\u0161iv\u00e9 kon\u011b a pony v z\u00e1vodn\u00edm re\u017eimu\" \/>\n<meta name=\"robots\" content=\"index, follow, max-snippet:-1, max-image-preview:large, max-video-preview:-1\" \/>\n<link rel=\"canonical\" href=\"https:\/\/universalpet.cz\/?product=response-slow-release-energy-cubes-20kg\" \/>\n<meta property=\"og:locale\" content=\"cs_CZ\" \/>\n<meta property=\"og:type\" content=\"article\" \/>\n<meta property=\"og:title\" content=\"Response Slow Release Energy Cubes 20kg - UniversalPet\" \/>\n<meta property=\"og:description\" content=\"Granule pro snadno vzru\u0161iv\u00e9 kon\u011b a pony v z\u00e1vodn\u00edm re\u017eimu\" \/>\n<meta property=\"og:url\" content=\"https:\/\/universalpet.cz\/?product=response-slow-release-energy-cubes-20kg\" \/>\n<meta property=\"og:site_name\" content=\"UniversalPet\" \/>\n<meta property=\"article:modified_time\" content=\"2020-01-14T18:05:17+00:00\" \/>\n<meta property=\"og:image\" content=\"https:\/\/universalpet.cz\/wp-content\/uploads\/2020\/01\/20kg-response-slow-release-energy-cubes-left.png\" \/>\n\t<meta property=\"og:image:width\" content=\"502\" \/>\n\t<meta property=\"og:image:height\" content=\"988\" \/>\n\t<meta property=\"og:image:type\" content=\"image\/png\" \/>\n<meta name=\"twitter:card\" content=\"summary_large_image\" \/>\n<meta name=\"twitter:label1\" content=\"Odhadovan\u00e1 doba \u010dten\u00ed\" \/>\n\t<meta name=\"twitter:data1\" content=\"1 minuta\" \/>\n<script type=\"application\/ld+json\" class=\"yoast-schema-graph\">{\"@context\":\"https:\/\/schema.org\",\"@graph\":[{\"@type\":\"WebPage\",\"@id\":\"https:\/\/universalpet.cz\/?product=response-slow-release-energy-cubes-20kg\",\"url\":\"https:\/\/universalpet.cz\/?product=response-slow-release-energy-cubes-20kg\",\"name\":\"Response Slow Release Energy Cubes 20kg - UniversalPet\",\"isPartOf\":{\"@id\":\"https:\/\/universalpet.cz\/#website\"},\"primaryImageOfPage\":{\"@id\":\"https:\/\/universalpet.cz\/?product=response-slow-release-energy-cubes-20kg#primaryimage\"},\"image\":{\"@id\":\"https:\/\/universalpet.cz\/?product=response-slow-release-energy-cubes-20kg#primaryimage\"},\"thumbnailUrl\":\"https:\/\/universalpet.cz\/wp-content\/uploads\/2020\/01\/20kg-response-slow-release-energy-cubes-left.png\",\"datePublished\":\"2020-01-05T20:59:51+00:00\",\"dateModified\":\"2020-01-14T18:05:17+00:00\",\"description\":\"Granule pro snadno vzru\u0161iv\u00e9 kon\u011b a pony v z\u00e1vodn\u00edm re\u017eimu\",\"breadcrumb\":{\"@id\":\"https:\/\/universalpet.cz\/?product=response-slow-release-energy-cubes-20kg#breadcrumb\"},\"inLanguage\":\"cs\",\"potentialAction\":[{\"@type\":\"ReadAction\",\"target\":[\"https:\/\/universalpet.cz\/?product=response-slow-release-energy-cubes-20kg\"]}]},{\"@type\":\"ImageObject\",\"inLanguage\":\"cs\",\"@id\":\"https:\/\/universalpet.cz\/?product=response-slow-release-energy-cubes-20kg#primaryimage\",\"url\":\"https:\/\/universalpet.cz\/wp-content\/uploads\/2020\/01\/20kg-response-slow-release-energy-cubes-left.png\",\"contentUrl\":\"https:\/\/universalpet.cz\/wp-content\/uploads\/2020\/01\/20kg-response-slow-release-energy-cubes-left.png\",\"width\":502,\"height\":988},{\"@type\":\"BreadcrumbList\",\"@id\":\"https:\/\/universalpet.cz\/?product=response-slow-release-energy-cubes-20kg#breadcrumb\",\"itemListElement\":[{\"@type\":\"ListItem\",\"position\":1,\"name\":\"Dom\u016f\",\"item\":\"https:\/\/universalpet.cz\/\"},{\"@type\":\"ListItem\",\"position\":2,\"name\":\"Obchod\",\"item\":\"https:\/\/universalpet.cz\/?page_id=6\"},{\"@type\":\"ListItem\",\"position\":3,\"name\":\"Response Slow Release Energy Cubes 20kg\"}]},{\"@type\":\"WebSite\",\"@id\":\"https:\/\/universalpet.cz\/#website\",\"url\":\"https:\/\/universalpet.cz\/\",\"name\":\"UniversalPet\",\"description\":\"Kvalitn\u00ed krmiva pro Va\u0161e mazl\u00ed\u010dky\",\"potentialAction\":[{\"@type\":\"SearchAction\",\"target\":{\"@type\":\"EntryPoint\",\"urlTemplate\":\"https:\/\/universalpet.cz\/?s={search_term_string}\"},\"query-input\":{\"@type\":\"PropertyValueSpecification\",\"valueRequired\":true,\"valueName\":\"search_term_string\"}}],\"inLanguage\":\"cs\"}]}<\/script>\n<!-- \/ Yoast SEO plugin. -->","yoast_head_json":{"title":"Response Slow Release Energy Cubes 20kg - UniversalPet","description":"Granule pro snadno vzru\u0161iv\u00e9 kon\u011b a pony v z\u00e1vodn\u00edm re\u017eimu","robots":{"index":"index","follow":"follow","max-snippet":"max-snippet:-1","max-image-preview":"max-image-preview:large","max-video-preview":"max-video-preview:-1"},"canonical":"https:\/\/universalpet.cz\/?product=response-slow-release-energy-cubes-20kg","og_locale":"cs_CZ","og_type":"article","og_title":"Response Slow Release Energy Cubes 20kg - UniversalPet","og_description":"Granule pro snadno vzru\u0161iv\u00e9 kon\u011b a pony v z\u00e1vodn\u00edm re\u017eimu","og_url":"https:\/\/universalpet.cz\/?product=response-slow-release-energy-cubes-20kg","og_site_name":"UniversalPet","article_modified_time":"2020-01-14T18:05:17+00:00","og_image":[{"width":502,"height":988,"url":"https:\/\/universalpet.cz\/wp-content\/uploads\/2020\/01\/20kg-response-slow-release-energy-cubes-left.png","type":"image\/png"}],"twitter_card":"summary_large_image","twitter_misc":{"Odhadovan\u00e1 doba \u010dten\u00ed":"1 minuta"},"schema":{"@context":"https:\/\/schema.org","@graph":[{"@type":"WebPage","@id":"https:\/\/universalpet.cz\/?product=response-slow-release-energy-cubes-20kg","url":"https:\/\/universalpet.cz\/?product=response-slow-release-energy-cubes-20kg","name":"Response Slow Release Energy Cubes 20kg - UniversalPet","isPartOf":{"@id":"https:\/\/universalpet.cz\/#website"},"primaryImageOfPage":{"@id":"https:\/\/universalpet.cz\/?product=response-slow-release-energy-cubes-20kg#primaryimage"},"image":{"@id":"https:\/\/universalpet.cz\/?product=response-slow-release-energy-cubes-20kg#primaryimage"},"thumbnailUrl":"https:\/\/universalpet.cz\/wp-content\/uploads\/2020\/01\/20kg-response-slow-release-energy-cubes-left.png","datePublished":"2020-01-05T20:59:51+00:00","dateModified":"2020-01-14T18:05:17+00:00","description":"Granule pro snadno vzru\u0161iv\u00e9 kon\u011b a pony v z\u00e1vodn\u00edm re\u017eimu","breadcrumb":{"@id":"https:\/\/universalpet.cz\/?product=response-slow-release-energy-cubes-20kg#breadcrumb"},"inLanguage":"cs","potentialAction":[{"@type":"ReadAction","target":["https:\/\/universalpet.cz\/?product=response-slow-release-energy-cubes-20kg"]}]},{"@type":"ImageObject","inLanguage":"cs","@id":"https:\/\/universalpet.cz\/?product=response-slow-release-energy-cubes-20kg#primaryimage","url":"https:\/\/universalpet.cz\/wp-content\/uploads\/2020\/01\/20kg-response-slow-release-energy-cubes-left.png","contentUrl":"https:\/\/universalpet.cz\/wp-content\/uploads\/2020\/01\/20kg-response-slow-release-energy-cubes-left.png","width":502,"height":988},{"@type":"BreadcrumbList","@id":"https:\/\/universalpet.cz\/?product=response-slow-release-energy-cubes-20kg#breadcrumb","itemListElement":[{"@type":"ListItem","position":1,"name":"Dom\u016f","item":"https:\/\/universalpet.cz\/"},{"@type":"ListItem","position":2,"name":"Obchod","item":"https:\/\/universalpet.cz\/?page_id=6"},{"@type":"ListItem","position":3,"name":"Response Slow Release Energy Cubes 20kg"}]},{"@type":"WebSite","@id":"https:\/\/universalpet.cz\/#website","url":"https:\/\/universalpet.cz\/","name":"UniversalPet","description":"Kvalitn\u00ed krmiva pro Va\u0161e mazl\u00ed\u010dky","potentialAction":[{"@type":"SearchAction","target":{"@type":"EntryPoint","urlTemplate":"https:\/\/universalpet.cz\/?s={search_term_string}"},"query-input":{"@type":"PropertyValueSpecification","valueRequired":true,"valueName":"search_term_string"}}],"inLanguage":"cs"}]}},"post_mailing_queue_ids":[],"_links":{"self":[{"href":"https:\/\/universalpet.cz\/index.php?rest_route=\/wp\/v2\/product\/1258","targetHints":{"allow":["GET"]}}],"collection":[{"href":"https:\/\/universalpet.cz\/index.php?rest_route=\/wp\/v2\/product"}],"about":[{"href":"https:\/\/universalpet.cz\/index.php?rest_route=\/wp\/v2\/types\/product"}],"replies":[{"embeddable":true,"href":"https:\/\/universalpet.cz\/index.php?rest_route=%2Fwp%2Fv2%2Fcomments&post=1258"}],"wp:featuredmedia":[{"embeddable":true,"href":"https:\/\/universalpet.cz\/index.php?rest_route=\/wp\/v2\/media\/1259"}],"wp:attachment":[{"href":"https:\/\/universalpet.cz\/index.php?rest_route=%2Fwp%2Fv2%2Fmedia&parent=1258"}],"wp:term":[{"taxonomy":"product_brand","embeddable":true,"href":"https:\/\/universalpet.cz\/index.php?rest_route=%2Fwp%2Fv2%2Fproduct_brand&post=1258"},{"taxonomy":"product_cat","embeddable":true,"href":"https:\/\/universalpet.cz\/index.php?rest_route=%2Fwp%2Fv2%2Fproduct_cat&post=1258"},{"taxonomy":"product_tag","embeddable":true,"href":"https:\/\/universalpet.cz\/index.php?rest_route=%2Fwp%2Fv2%2Fproduct_tag&post=1258"}],"curies":[{"name":"wp","href":"https:\/\/api.w.org\/{rel}","templated":true}]}}