{"id":1264,"date":"2020-01-05T23:06:04","date_gmt":"2020-01-05T21:06:04","guid":{"rendered":"http:\/\/194.213.36.175:8000\/?post_type=product&#038;p=1264"},"modified":"2021-01-03T19:36:16","modified_gmt":"2021-01-03T17:36:16","slug":"senior-complete-care-mix-20kg","status":"publish","type":"product","link":"https:\/\/universalpet.cz\/?product=senior-complete-care-mix-20kg","title":{"rendered":"Senior Complete Care Mix 20kg"},"content":{"rendered":"<ul>\n<li>KOMPLETN\u00cd P\u00c9\u010cE PRO V\u0160ECHNY SENIORY ZAHRNUJ\u00cdC\u00cd PODPORU TR\u00c1V\u00cdC\u00cdHO, POHYBOV\u00c9HO A IMUNITN\u00cdHO SYST\u00c9MU<\/li>\n<li>DOPORU\u010cOV\u00c1NO BRITSK\u00ddMI VETERIN\u00c1\u0158I<\/li>\n<li>OBSAHUJE GLUKOSAMIN A MSM PRO ZDRAV\u00c9 KLOUBY<\/li>\n<li>OBSAH PROBIOTIK A PREBIOTIK PRO ZDRAV\u00cd TR\u00c1V\u00cdC\u00cdHO \u00daSTROJ\u00cd<\/li>\n<li>P\u0158IDAN\u00dd VITAMIN C<\/li>\n<li>OBSAH BYLINEK &#8211; M\u00c1TA, ROZMAR\u00ddN, PAMPELI\u0160KA, PETR\u017dELKA<\/li>\n<li>M\u011aS\u00cd\u010cEK L\u00c9KA\u0158SK\u00dd PRO VET\u0160\u00cd CHUTNOST A PODPORU IMUNITY<\/li>\n<li>KOMPLETN\u00cd SPEKTRUM VITAMIN\u016e A MINER\u00c1L\u016e V\u010cETNE ZINKU\u00a0A M\u011aDI V CHEL\u00c1TOV\u00c9 FORM\u011a PRO V\u011aT\u0160\u00cd VST\u0158EBATELNOST<\/li>\n<\/ul>\n<p><strong>Slo\u017een\u00ed:<\/strong><\/p>\n<p>vlo\u010dky je\u010dmene, p\u0161eni\u010dn\u00e9 otruby a endosperm, ovesn\u00e9 otruby a endosperm, travn\u00ed pelety, melasa, slune\u010dnicov\u00fd extrakt, r\u00fd\u017eov\u00e9 otruby, s\u00f3jov\u00e9 slupky, kuku\u0159i\u010dn\u00e9 vlo\u010dky, hrachov\u00e9 vlo\u010dky, \u0159epkov\u00fd olej, s\u016fl, vlo\u010dky mrkve, uhli\u010ditan v\u00e1penat\u00fd, Vitamin E, difosfore\u010dnan v\u00e1penat\u00fd, vitamino-miner\u00e1ln\u00ed premix, FOS prebiotika, glukosamin, l\u00edstky m\u00e1ty, bylinky, lyzin, MSM, Vitamin C, \u017eiv\u00e9 kvasinky<\/p>\n<p><span style=\"color: #ff0000;\"><strong>NA OBJEN\u00c1VKU!<\/strong><\/span><\/p>\n","protected":false},"excerpt":{"rendered":"<div class=\"detailShort clear\">\n<p>Prodlou\u017een\u00e9 ml\u00e1d\u00ed pro v\u0161echny seniory<\/p>\n<\/div>\n<div class=\"detailInfo clear detailPriceInfo\">\n<div><\/div>\n<\/div>\n","protected":false},"featured_media":1265,"comment_status":"open","ping_status":"closed","template":"","meta":[],"product_brand":[],"product_cat":[53,56,54],"product_tag":[],"class_list":{"0":"post-1264","1":"product","2":"type-product","3":"status-publish","4":"has-post-thumbnail","6":"product_cat-kone","7":"product_cat-musli","8":"product_cat-spillers","10":"first","11":"onbackorder","12":"taxable","13":"shipping-taxable","14":"purchasable","15":"product-type-simple"},"yoast_head":"<!-- This site is optimized with the Yoast SEO plugin v26.9 - https:\/\/yoast.com\/product\/yoast-seo-wordpress\/ -->\n<title>Senior Complete Care Mix 20kg - UniversalPet<\/title>\n<meta name=\"description\" content=\"Prodlou\u017een\u00e9 ml\u00e1d\u00ed pro v\u0161echny seniory\" \/>\n<meta name=\"robots\" content=\"index, follow, max-snippet:-1, max-image-preview:large, max-video-preview:-1\" \/>\n<link rel=\"canonical\" href=\"https:\/\/universalpet.cz\/?product=senior-complete-care-mix-20kg\" \/>\n<meta property=\"og:locale\" content=\"cs_CZ\" \/>\n<meta property=\"og:type\" content=\"article\" \/>\n<meta property=\"og:title\" content=\"Senior Complete Care Mix 20kg - UniversalPet\" \/>\n<meta property=\"og:description\" content=\"Prodlou\u017een\u00e9 ml\u00e1d\u00ed pro v\u0161echny seniory\" \/>\n<meta property=\"og:url\" content=\"https:\/\/universalpet.cz\/?product=senior-complete-care-mix-20kg\" \/>\n<meta property=\"og:site_name\" content=\"UniversalPet\" \/>\n<meta property=\"article:modified_time\" content=\"2021-01-03T17:36:16+00:00\" \/>\n<meta property=\"og:image\" content=\"https:\/\/universalpet.cz\/wp-content\/uploads\/2020\/01\/102475-senior-complete-care-mix-left.png\" \/>\n\t<meta property=\"og:image:width\" content=\"499\" \/>\n\t<meta property=\"og:image:height\" content=\"987\" \/>\n\t<meta property=\"og:image:type\" content=\"image\/png\" \/>\n<meta name=\"twitter:card\" content=\"summary_large_image\" \/>\n<meta name=\"twitter:label1\" content=\"Odhadovan\u00e1 doba \u010dten\u00ed\" \/>\n\t<meta name=\"twitter:data1\" content=\"1 minuta\" \/>\n<script type=\"application\/ld+json\" class=\"yoast-schema-graph\">{\"@context\":\"https:\/\/schema.org\",\"@graph\":[{\"@type\":\"WebPage\",\"@id\":\"https:\/\/universalpet.cz\/?product=senior-complete-care-mix-20kg\",\"url\":\"https:\/\/universalpet.cz\/?product=senior-complete-care-mix-20kg\",\"name\":\"Senior Complete Care Mix 20kg - UniversalPet\",\"isPartOf\":{\"@id\":\"https:\/\/universalpet.cz\/#website\"},\"primaryImageOfPage\":{\"@id\":\"https:\/\/universalpet.cz\/?product=senior-complete-care-mix-20kg#primaryimage\"},\"image\":{\"@id\":\"https:\/\/universalpet.cz\/?product=senior-complete-care-mix-20kg#primaryimage\"},\"thumbnailUrl\":\"https:\/\/universalpet.cz\/wp-content\/uploads\/2020\/01\/102475-senior-complete-care-mix-left.png\",\"datePublished\":\"2020-01-05T21:06:04+00:00\",\"dateModified\":\"2021-01-03T17:36:16+00:00\",\"description\":\"Prodlou\u017een\u00e9 ml\u00e1d\u00ed pro v\u0161echny seniory\",\"breadcrumb\":{\"@id\":\"https:\/\/universalpet.cz\/?product=senior-complete-care-mix-20kg#breadcrumb\"},\"inLanguage\":\"cs\",\"potentialAction\":[{\"@type\":\"ReadAction\",\"target\":[\"https:\/\/universalpet.cz\/?product=senior-complete-care-mix-20kg\"]}]},{\"@type\":\"ImageObject\",\"inLanguage\":\"cs\",\"@id\":\"https:\/\/universalpet.cz\/?product=senior-complete-care-mix-20kg#primaryimage\",\"url\":\"https:\/\/universalpet.cz\/wp-content\/uploads\/2020\/01\/102475-senior-complete-care-mix-left.png\",\"contentUrl\":\"https:\/\/universalpet.cz\/wp-content\/uploads\/2020\/01\/102475-senior-complete-care-mix-left.png\",\"width\":499,\"height\":987},{\"@type\":\"BreadcrumbList\",\"@id\":\"https:\/\/universalpet.cz\/?product=senior-complete-care-mix-20kg#breadcrumb\",\"itemListElement\":[{\"@type\":\"ListItem\",\"position\":1,\"name\":\"Dom\u016f\",\"item\":\"https:\/\/universalpet.cz\/\"},{\"@type\":\"ListItem\",\"position\":2,\"name\":\"Obchod\",\"item\":\"https:\/\/universalpet.cz\/?page_id=6\"},{\"@type\":\"ListItem\",\"position\":3,\"name\":\"Senior Complete Care Mix 20kg\"}]},{\"@type\":\"WebSite\",\"@id\":\"https:\/\/universalpet.cz\/#website\",\"url\":\"https:\/\/universalpet.cz\/\",\"name\":\"UniversalPet\",\"description\":\"Kvalitn\u00ed krmiva pro Va\u0161e mazl\u00ed\u010dky\",\"potentialAction\":[{\"@type\":\"SearchAction\",\"target\":{\"@type\":\"EntryPoint\",\"urlTemplate\":\"https:\/\/universalpet.cz\/?s={search_term_string}\"},\"query-input\":{\"@type\":\"PropertyValueSpecification\",\"valueRequired\":true,\"valueName\":\"search_term_string\"}}],\"inLanguage\":\"cs\"}]}<\/script>\n<!-- \/ Yoast SEO plugin. -->","yoast_head_json":{"title":"Senior Complete Care Mix 20kg - UniversalPet","description":"Prodlou\u017een\u00e9 ml\u00e1d\u00ed pro v\u0161echny seniory","robots":{"index":"index","follow":"follow","max-snippet":"max-snippet:-1","max-image-preview":"max-image-preview:large","max-video-preview":"max-video-preview:-1"},"canonical":"https:\/\/universalpet.cz\/?product=senior-complete-care-mix-20kg","og_locale":"cs_CZ","og_type":"article","og_title":"Senior Complete Care Mix 20kg - UniversalPet","og_description":"Prodlou\u017een\u00e9 ml\u00e1d\u00ed pro v\u0161echny seniory","og_url":"https:\/\/universalpet.cz\/?product=senior-complete-care-mix-20kg","og_site_name":"UniversalPet","article_modified_time":"2021-01-03T17:36:16+00:00","og_image":[{"width":499,"height":987,"url":"https:\/\/universalpet.cz\/wp-content\/uploads\/2020\/01\/102475-senior-complete-care-mix-left.png","type":"image\/png"}],"twitter_card":"summary_large_image","twitter_misc":{"Odhadovan\u00e1 doba \u010dten\u00ed":"1 minuta"},"schema":{"@context":"https:\/\/schema.org","@graph":[{"@type":"WebPage","@id":"https:\/\/universalpet.cz\/?product=senior-complete-care-mix-20kg","url":"https:\/\/universalpet.cz\/?product=senior-complete-care-mix-20kg","name":"Senior Complete Care Mix 20kg - UniversalPet","isPartOf":{"@id":"https:\/\/universalpet.cz\/#website"},"primaryImageOfPage":{"@id":"https:\/\/universalpet.cz\/?product=senior-complete-care-mix-20kg#primaryimage"},"image":{"@id":"https:\/\/universalpet.cz\/?product=senior-complete-care-mix-20kg#primaryimage"},"thumbnailUrl":"https:\/\/universalpet.cz\/wp-content\/uploads\/2020\/01\/102475-senior-complete-care-mix-left.png","datePublished":"2020-01-05T21:06:04+00:00","dateModified":"2021-01-03T17:36:16+00:00","description":"Prodlou\u017een\u00e9 ml\u00e1d\u00ed pro v\u0161echny seniory","breadcrumb":{"@id":"https:\/\/universalpet.cz\/?product=senior-complete-care-mix-20kg#breadcrumb"},"inLanguage":"cs","potentialAction":[{"@type":"ReadAction","target":["https:\/\/universalpet.cz\/?product=senior-complete-care-mix-20kg"]}]},{"@type":"ImageObject","inLanguage":"cs","@id":"https:\/\/universalpet.cz\/?product=senior-complete-care-mix-20kg#primaryimage","url":"https:\/\/universalpet.cz\/wp-content\/uploads\/2020\/01\/102475-senior-complete-care-mix-left.png","contentUrl":"https:\/\/universalpet.cz\/wp-content\/uploads\/2020\/01\/102475-senior-complete-care-mix-left.png","width":499,"height":987},{"@type":"BreadcrumbList","@id":"https:\/\/universalpet.cz\/?product=senior-complete-care-mix-20kg#breadcrumb","itemListElement":[{"@type":"ListItem","position":1,"name":"Dom\u016f","item":"https:\/\/universalpet.cz\/"},{"@type":"ListItem","position":2,"name":"Obchod","item":"https:\/\/universalpet.cz\/?page_id=6"},{"@type":"ListItem","position":3,"name":"Senior Complete Care Mix 20kg"}]},{"@type":"WebSite","@id":"https:\/\/universalpet.cz\/#website","url":"https:\/\/universalpet.cz\/","name":"UniversalPet","description":"Kvalitn\u00ed krmiva pro Va\u0161e mazl\u00ed\u010dky","potentialAction":[{"@type":"SearchAction","target":{"@type":"EntryPoint","urlTemplate":"https:\/\/universalpet.cz\/?s={search_term_string}"},"query-input":{"@type":"PropertyValueSpecification","valueRequired":true,"valueName":"search_term_string"}}],"inLanguage":"cs"}]}},"post_mailing_queue_ids":[],"_links":{"self":[{"href":"https:\/\/universalpet.cz\/index.php?rest_route=\/wp\/v2\/product\/1264","targetHints":{"allow":["GET"]}}],"collection":[{"href":"https:\/\/universalpet.cz\/index.php?rest_route=\/wp\/v2\/product"}],"about":[{"href":"https:\/\/universalpet.cz\/index.php?rest_route=\/wp\/v2\/types\/product"}],"replies":[{"embeddable":true,"href":"https:\/\/universalpet.cz\/index.php?rest_route=%2Fwp%2Fv2%2Fcomments&post=1264"}],"wp:featuredmedia":[{"embeddable":true,"href":"https:\/\/universalpet.cz\/index.php?rest_route=\/wp\/v2\/media\/1265"}],"wp:attachment":[{"href":"https:\/\/universalpet.cz\/index.php?rest_route=%2Fwp%2Fv2%2Fmedia&parent=1264"}],"wp:term":[{"taxonomy":"product_brand","embeddable":true,"href":"https:\/\/universalpet.cz\/index.php?rest_route=%2Fwp%2Fv2%2Fproduct_brand&post=1264"},{"taxonomy":"product_cat","embeddable":true,"href":"https:\/\/universalpet.cz\/index.php?rest_route=%2Fwp%2Fv2%2Fproduct_cat&post=1264"},{"taxonomy":"product_tag","embeddable":true,"href":"https:\/\/universalpet.cz\/index.php?rest_route=%2Fwp%2Fv2%2Fproduct_tag&post=1264"}],"curies":[{"name":"wp","href":"https:\/\/api.w.org\/{rel}","templated":true}]}}